at is the remainder when 29 is divided by q?
5
Let s(m) = 2*m + 1. Let a be s(1). Suppose -2*k + f = 2*f - a, -5*k = f - 9. Calculate the remainder when 20/6 - 2/(-3) is divided by k.
0
Let f(w) = -w - 6. Let t be f(-4). What is the remainder when 4 is divided by (-2 - 2*t)*1?
0
Let c(p) = -p**2 - 9*p - 6. Let j be ((-2)/4)/((-6)/(-96)). What is the remainder when 5 is divided by c(j)?
1
Let k = 28 + 2. Suppose -8*i - 5*h = -3*i - k, 4*h + 21 = i. What is the remainder when 15 is divided by i?
6
Let w be (-1 + 0)/((-2)/10). Suppose w*i - 69 = 106. Suppose 4*u - 9*u + s + 19 = 0, i = 5*u - 5*s. Calculate the remainder when 5 is divided by u.
2
Let a be 2*(1/2 - -2). Suppose s - 50 = -a*v, 4*v - 25 - 34 = 3*s. Calculate the remainder when 20 is divided by v.
9
Suppose 0 = -5*y + 16 - 6. Let n be -1*(-22)/(-1) - -2. What is the remainder when (-6)/4*n/6 is divided by y?
1
Suppose -3*h + 150 = 2*h. What is the remainder when h is divided by 16?
14
Let g(o) = 4*o**2 + o - 3. Suppose -2*d - d - 2 = -4*p, 3*p = 3*d. What is the remainder when 26 is divided by g(p)?
11
Let n = 23 - 14. Suppose -3*c + 174 = 3*b, -4*c + 125 = 2*b + 17. Suppose -i - 3*i + 4*s = -148, 2*i - b = -2*s. What is the remainder when i is divided by n?
7
Suppose 0 = -17*s + 16*s + 40. Suppose 3*z - 169 = -s. Calculate the remainder when z is divided by 11.
10
Let w(k) = -9*k**3 - k - 1. What is the remainder when 52 is divided by w(-1)?
7
Let u(x) = -5*x - x - 2 + 2*x. Suppose -4*m - 13 - 61 = -2*a, 5*a + 2*m - 125 = 0. What is the remainder when a is divided by u(-4)?
13
Let f = 45 - 35. Calculate the remainder when 17 is divided by f.
7
Suppose 4*u - 4*i - 480 = 0, -4*u - i + 515 = 2*i. Calculate the remainder when u is divided by 16.
13
Let p(m) = -2*m + 10. Suppose 4*w = 5*a - 18 + 43, -15 = -5*w + 3*a. What is the remainder when p(w) is divided by 3?
1
What is the remainder when (125/75)/(1/3) is divided by 1?
0
Let d(i) = i**3 - 2*i**2 + i - 8. Calculate the remainder when 91 is divided by d(3).
3
Suppose 3*s = -3*a + 390 - 99, 3*s - 9 = 0. Calculate the remainder when a is divided by 19.
18
Suppose 0 = 2*a - q - 3, 2*a + 4 = 3*q + 5. Suppose -65 = -5*u + 2*s + 166, -a*u + 2*s + 90 = 0. What is the remainder when u is divided by ((-2)/5)/(4/(-160))?
15
Calculate the remainder when 1/8 + 1869/24 is divided by 20.
18
Let w(z) be the second derivative of 0 + 3/2*z**2 + 1/6*z**3 + 2*z. Calculate the remainder when 14 is divided by w(5).
6
Suppose 4*a - 8 = -y, -4 = -5*a + a - 2*y. Suppose a*p + 0*p - 123 = 0. What is the remainder when p is divided by ((-6)/(-4))/((-6)/(-56))?
13
Suppose 2*c - 4*p + 11 = -p, -5 = -p. Let r be 2 + (c - (2 + -3)). Suppose 31 = 2*m - r. Calculate the remainder when 34 is divided by m.
16
Suppose -117 - 103 = -11*f. What is the remainder when 66 is divided by f?
6
Let z(b) = -b**3 + 8*b**2 + 2*b - 6. Let j(a) = a**3 + 9*a**2 + 7*a. Let p be j(-8). What is the remainder when z(p) is divided by 4?
2
Suppose 7*v - 3*v - 16 = 0. Suppose -g = 4*g + w + 29, -34 = 5*g - v*w. Let x = 10 + g. What is the remainder when 6 is divided by x?
2
Suppose 2*q - 9 = 31. Suppose c = -4*r + r + q, 3*r = 5*c - 82. Calculate the remainder when 31 is divided by c.
14
Suppose 5*n + k = 90, -n - 2*k + 28 = 1. Calculate the remainder when 31 is divided by n.
14
Let d = -22 - -37. What is the remainder when 42 is divided by d?
12
Suppose -257 = -5*j - 32. Let x = j - 24. Calculate the remainder when x is divided by (-10)/4*(-44)/10.
10
Suppose 0 = 2*g + 8, -3*m + 2*g - 3*g = -365. Calculate the remainder when m is divided by 18.
15
Let x(w) = 2*w - 3. Suppose 4*g - 5*i - 10 = 0, 2*g - 16 = -2*i - i. What is the remainder when g is divided by x(3)?
2
Suppose 0*k - 5*k = -70. Calculate the remainder when k is divided by 3.
2
Let o(d) = -d - 8*d**2 - 8*d**2 - 4*d. Let z(j) = 209*j**2 + 66*j. Let f(n) = -66*o(n) - 5*z(n). What is the remainder when f(-1) is divided by 4?
3
Let h be (6/4)/(2/(-4)). Let t = -2 + 11. What is the remainder when (-8 - h)/((-1)/5) is divided by t?
7
Let n(t) = -t**2 - 24*t - 16. What is the remainder when 111 is divided by n(-22)?
27
Let y(m) be the first derivative of -7*m**2/2 - 3*m - 4. Suppose -3*w = -0*w - 60. Calculate the remainder when w is divided by y(-2).
9
Suppose 12*d = 34 + 26. What is the remainder when d is divided by 5?
0
Let z(j) = j**3 - 5*j**2 - 5*j - 6. Let t be z(6). Let l be 14 + (-1*2 - t). Let h = l + -7. What is the remainder when 13 is divided by h?
3
Suppose 0*c = -4*c + 4. Suppose -l + 0 = -c. What is the remainder when 11 is divided by (49/35)/(l/5)?
4
Let s(j) = j**3 - 8*j**2 - j + 9. Let w = 2 - -6. What is the remainder when 2 is divided by s(w)?
0
Let j(h) = 6*h + 4. Let d be j(3). Suppose -4*i = d - 6. Let m = 5 - i. What is the remainder when 16 is divided by m?
7
Let s = -18 - -6. Let x = s + 24. Suppose 0 = 4*d - 228 + 48. Calculate the remainder when d is divided by x.
9
Suppose -2*x + 2*u = 2, -6 = x - u - u. Suppose -x*m + 0*m - 4 = 0, 3*i - 79 = -2*m. Calculate the remainder when 52 is divided by i.
25
Let d(h) = -21*h**3 - 2*h - 1. Calculate the remainder when (0 - (5 + 0))/((-45)/585) is divided by d(-1).
21
Suppose -5*h = -96 + 46. What is the remainder when h is divided by 7?
3
Let n = 301 - 172. Suppose 4*c - n - 83 = 0. What is the remainder when c is divided by 18?
17
Suppose -10*g + 15*g = 115. Calculate the remainder when 89 is divided by g.
20
Suppose 0 = 2*i - 2. Let f = 3 - i. Suppose 0 = m - 1, -2*m + 3*m + 11 = f*o. What is the remainder when 16 is divided by o?
4
Suppose 0 = 3*j - 12, -5*i - 2*j + 25 = 3*j. Suppose 0*u + i = u. Calculate the remainder when 1 is divided by u.
0
Suppose 2*l = -2*b + 9 + 11, -l = 5*b - 42. Suppose -40 = -5*i + 3*d - b*d, d = -2*i + 13. What is the remainder when 7 is divided by i?
2
Let h = 18 + -8. Calculate the remainder when 17 is divided by h.
7
Calculate the remainder when (-35 - -9)/(-3 - -1) is divided by 7.
6
Let i = -2 - -14. Suppose 3*k - 9 = i. What is the remainder when k is divided by 4?
3
Let v = 14 + -7. Let t(d) = d**2 - 5*d + 6. Let o be t(6). Let q = o + v. What is the remainder when q is divided by 10?
9
Let y = 22 - 13. Suppose 0 = -2*k - 25 + 131. Let n = k - 37. What is the remainder when n is divided by y?
7
Let o be (45/10)/((-3)/4). Suppose 3*v + 5*b = 55, v - 70 = -3*v - 5*b. What is the remainder when v is divided by (0 - o)*(-32)/(-24)?
7
Calculate the remainder when (-3)/(-1) + -6 + 29 is divided by 14.
12
Let f(a) = a - 6. Let k(j) = -2*j + 13. Suppose -3*i = -5*i + 4*l - 12, -i = l. Let x(o) = i*k(o) - 5*f(o). Calculate the remainder when x(0) is divided by 3.
1
Let m = -42 + 126. Suppose m = 2*y + y. Calculate the remainder when y is divided by 10.
8
Let d = 1 + 29. Let p be (36/d)/(3/(-10)). Calculate the remainder when 35 is divided by 9*p/(-6)*3.
17
Let r = -164 + 173. Calculate the remainder when ((-2)/3)/((-2)/48) is divided by r.
7
Let t(w) be the third derivative of w**6/120 + 7*w**5/60 + 5*w**4/24 + 7*w**2. Calculate the remainder when t(-5) is divided by 14.
11
Let s = 7 - 1. Calculate the remainder when 16 is divided by s.
4
Suppose 3*w + 4 = -2*n, 2*w + 2*n + 3*n = -21. What is the remainder when w is divided by 1?
0
Let y = 17 + -4. What is the remainder when 37 is divided by y?
11
Let x(n) = -n**2 - 11*n - 2. Calculate the remainder when x(-9) is divided by ((-9)/5)/((-2)/10).
7
Let j(h) = -2*h**2 + 11*h - 6. What is the remainder when 2 - 4 - -18 - -1 is divided by j(4)?
5
Let i(t) = t**3 - 6*t**2 - 2*t - 3. Suppose -3 = -u + 3. Let g be i(u). What is the remainder when 13 is divided by g/(-6)*(-1 - -3)?
3
Let s = -4 + 9. Let n be (-6)/4*-2 + 3. Let d = n - -2. What is the remainder when d is divided by s?
3
Let r = 136 - 128. Let d = 123 - 78. Calculate the remainder when d is divided by r.
5
Let b be (-50)/18 - (-12)/(-54). What is the remainder when 20 is divided by (6/b - -12) + 1?
9
Let y = -30 + 58. Suppose 3*i - 7*i = -y. Calculate the remainder when i is divided by 2.
1
Calculate the remainder when (454/3)/(6/9) is divided by 38.
37
Suppose 0 = 3*x + 2*x - 145. Calculate the remainder when 115 is divided by x.
28
Suppose 4*i - 117 = 135. Suppose -4*n + i = 11. Let d = 43 - 18. What is the remainder when d 